										  
											  
											 {"id":2,"date":"2018-09-05T10:37:48","date_gmt":"2018-09-05T08:37:48","guid":{"rendered":"https:\/\/hallbartbyggande.com\/tesab\/?page_id=2"},"modified":"2018-09-06T07:53:07","modified_gmt":"2018-09-06T05:53:07","slug":"om-tesab","status":"publish","type":"page","link":"https:\/\/hallbartbyggande.com\/tesab\/om-tesab\/","title":{"rendered":"Om TESAB"},"content":{"rendered":"<p>TESAB \u00e4r en rikst\u00e4ckande franchisekedja som best\u00e5r av kylf\u00f6retag inom kyla och v\u00e4rme. Vi arbetar med alla typer av uppdrag \u2013 stora som sm\u00e5, mot privatpersoner, fastighetsbolag, byggherrar, restauranger, livsmedelskedjor och kommuner.<\/p>\n<p>V\u00e5ra verksamhetsomr\u00e5den \u00e4r huvudsakligen kyla, energi, v\u00e4rme och service. Vi \u00e4r med vid nyproduktion, ombyggnader och nyinstallationer. V\u00e5ra franchisef\u00f6retag tar ett totalt funktionsansvar f\u00f6r alla installationer inklusive produkter, kringutrustning och tj\u00e4nster. Med den breda erfarenhet och kompetens vi har, k\u00e4nnetecknas alla v\u00e5ra installationer av s\u00e4kerhet och kvalitet i alla led. Vi erbjuder \u00e4ven komplett service efter installationen.<\/p>\n<p>Alla v\u00e5ra kylf\u00f6retag arbetar under egna namn men \u00e4r \u00e4nd\u00e5 en del av kedjan. Genom att samverka kan vi ge dig det stora f\u00f6retagets f\u00f6rdelar i form av resurser, omfattande kompetens och f\u00f6rm\u00e5nliga produktpriser. Samtidigt som vi erbjuder det lokala f\u00f6retagets n\u00e4rhet och flexibilitet. Vi \u00e4r stora n\u00e4r det kr\u00e4vs och sm\u00e5 n\u00e4r det beh\u00f6vs!<\/p>\n","protected":false},"excerpt":{"rendered":"<p>TESAB \u00e4r en rikst\u00e4ckande franchisekedja som best\u00e5r av kylf\u00f6retag inom kyla och v\u00e4rme. Vi arbetar med alla typer av uppdrag \u2013 stora som sm\u00e5, mot privatpersoner, fastighetsbolag, byggherrar, restauranger, livsmedelskedjor och kommuner. V\u00e5ra verksamhetsomr\u00e5den \u00e4r huvudsakligen kyla, energi, v\u00e4rme och service. Vi \u00e4r med vid nyproduktion, ombyggnader och nyinstallationer. V\u00e5ra franchisef\u00f6retag tar ett totalt funktionsansvar &#8230;<\/p>\n","protected":false},"author":133,"featured_media":0,"parent":0,"menu_order":0,"comment_status":"closed","ping_status":"open","template":"","meta":{"_monsterinsights_skip_tracking":false,"_monsterinsights_sitenote_active":false,"_monsterinsights_sitenote_note":"","_monsterinsights_sitenote_category":0,"_links_to":"","_links_to_target":""},"_links":{"self":[{"href":"https:\/\/hallbartbyggande.com\/tesab\/wp-json\/wp\/v2\/pages\/2"}],"collection":[{"href":"https:\/\/hallbartbyggande.com\/tesab\/wp-json\/wp\/v2\/pages"}],"about":[{"href":"https:\/\/hallbartbyggande.com\/tesab\/wp-json\/wp\/v2\/types\/page"}],"author":[{"embeddable":true,"href":"https:\/\/hallbartbyggande.com\/tesab\/wp-json\/wp\/v2\/users\/133"}],"replies":[{"embeddable":true,"href":"https:\/\/hallbartbyggande.com\/tesab\/wp-json\/wp\/v2\/comments?post=2"}],"version-history":[{"count":2,"href":"https:\/\/hallbartbyggande.com\/tesab\/wp-json\/wp\/v2\/pages\/2\/revisions"}],"predecessor-version":[{"id":13,"href":"https:\/\/hallbartbyggande.com\/tesab\/wp-json\/wp\/v2\/pages\/2\/revisions\/13"}],"wp:attachment":[{"href":"https:\/\/hallbartbyggande.com\/tesab\/wp-json\/wp\/v2\/media?parent=2"}],"curies":[{"name":"wp","href":"https:\/\/api.w.org\/{rel}","templated":true}]}}