										  
											  
											 {"id":20,"date":"2016-09-29T14:02:30","date_gmt":"2016-09-29T12:02:30","guid":{"rendered":"http:\/\/hallbartbyggande.com\/skanska\/?page_id=20"},"modified":"2016-09-29T14:02:30","modified_gmt":"2016-09-29T12:02:30","slug":"om-skanska","status":"publish","type":"page","link":"https:\/\/hallbartbyggande.com\/skanska\/om-skanska\/","title":{"rendered":"Om Skanska"},"content":{"rendered":"<h3>Ett av v\u00e4rldens ledande projektutvecklings- och byggf\u00f6retag<\/h3>\n<p>Skanska \u00e4r ett av v\u00e4rldens ledande projektutvecklings- och byggf\u00f6retag med expertis inom byggande, utveckling av kommersiella lokaler, bost\u00e4der och projekt i offentlig-privat samverkan. Baserat p\u00e5 bolagets globala milj\u00f6kunnande siktar Skanska p\u00e5 att bli kundernas f\u00f6rsta val n\u00e4r det g\u00e4ller gr\u00f6na projekt. Koncernen har idag 43 100 medarbetare p\u00e5 utvalda hemmamarknader i Europa och USA. Oms\u00e4ttningen \u00e5r 2015 uppgick till 155 miljarder kronor.<\/p>\n","protected":false},"excerpt":{"rendered":"<p>Ett av v\u00e4rldens ledande projektutvecklings- och byggf\u00f6retag Skanska \u00e4r ett av v\u00e4rldens ledande projektutvecklings- och byggf\u00f6retag med expertis inom byggande, utveckling av kommersiella lokaler, bost\u00e4der och projekt i offentlig-privat samverkan. Baserat p\u00e5 bolagets globala milj\u00f6kunnande siktar Skanska p\u00e5 att bli kundernas f\u00f6rsta val n\u00e4r det g\u00e4ller gr\u00f6na projekt. Koncernen har idag 43 100 medarbetare p\u00e5 &#8230;<\/p>\n","protected":false},"author":2,"featured_media":0,"parent":0,"menu_order":0,"comment_status":"closed","ping_status":"closed","template":"","meta":{"_monsterinsights_skip_tracking":false,"_monsterinsights_sitenote_active":false,"_monsterinsights_sitenote_note":"","_monsterinsights_sitenote_category":0,"_links_to":"","_links_to_target":""},"_links":{"self":[{"href":"https:\/\/hallbartbyggande.com\/skanska\/wp-json\/wp\/v2\/pages\/20"}],"collection":[{"href":"https:\/\/hallbartbyggande.com\/skanska\/wp-json\/wp\/v2\/pages"}],"about":[{"href":"https:\/\/hallbartbyggande.com\/skanska\/wp-json\/wp\/v2\/types\/page"}],"author":[{"embeddable":true,"href":"https:\/\/hallbartbyggande.com\/skanska\/wp-json\/wp\/v2\/users\/2"}],"replies":[{"embeddable":true,"href":"https:\/\/hallbartbyggande.com\/skanska\/wp-json\/wp\/v2\/comments?post=20"}],"version-history":[{"count":1,"href":"https:\/\/hallbartbyggande.com\/skanska\/wp-json\/wp\/v2\/pages\/20\/revisions"}],"predecessor-version":[{"id":21,"href":"https:\/\/hallbartbyggande.com\/skanska\/wp-json\/wp\/v2\/pages\/20\/revisions\/21"}],"wp:attachment":[{"href":"https:\/\/hallbartbyggande.com\/skanska\/wp-json\/wp\/v2\/media?parent=20"}],"curies":[{"name":"wp","href":"https:\/\/api.w.org\/{rel}","templated":true}]}}