										  
											  
											 {"id":2,"date":"2018-11-22T11:30:28","date_gmt":"2018-11-22T10:30:28","guid":{"rendered":"https:\/\/hallbartbyggande.com\/llentab\/?page_id=2"},"modified":"2018-11-22T11:37:09","modified_gmt":"2018-11-22T10:37:09","slug":"om-llentab","status":"publish","type":"page","link":"https:\/\/hallbartbyggande.com\/llentab\/om-llentab\/","title":{"rendered":"Om Llentab"},"content":{"rendered":"<p><strong>LLENTAB Group AB<\/strong> designar, tillverkar och s\u00e4ljer multifunktionella st\u00e5lhallar f\u00f6r flertalet olika branscher och anv\u00e4ndningsomr\u00e5den. Llentabhallen \u00e4r vida k\u00e4nd f\u00f6r den effektiva konstruktionen, den h\u00f6ga kvaliteten och anpassningsf\u00f6rm\u00e5gan till olika behov och krav. LLENTAB har sedan starten 1972 levererat mer \u00e4r 10.000 hallar runtom i Europa.<\/p>\n<p>Vi bygger st\u00e5lhallar i alla storlekar, fr\u00e5n 200 m<sup>\u00b2<\/sup> till flera 10.000-tals m<sup>\u00b2<\/sup>, f\u00f6r alla \u00e4ndam\u00e5l. LLENTABs styrka ligger i att allt utf\u00f6rs av egen personal. Fr\u00e5n planering, dimensionering, produktion och fram till montering av den f\u00e4rdiga hallen.<\/p>\n<p><strong>LLENTAB \u00e4r ett flexibelt val f\u00f6r kunder med visioner:<\/strong> du ber\u00e4ttar om din dr\u00f6m, vi bygger den i\u00a0st\u00e5l.<\/p>\n","protected":false},"excerpt":{"rendered":"<p>LLENTAB Group AB designar, tillverkar och s\u00e4ljer multifunktionella st\u00e5lhallar f\u00f6r flertalet olika branscher och anv\u00e4ndningsomr\u00e5den. Llentabhallen \u00e4r vida k\u00e4nd f\u00f6r den effektiva konstruktionen, den h\u00f6ga kvaliteten och anpassningsf\u00f6rm\u00e5gan till olika behov och krav. LLENTAB har sedan starten 1972 levererat mer \u00e4r 10.000 hallar runtom i Europa. Vi bygger st\u00e5lhallar i alla storlekar, fr\u00e5n 200 m\u00b2 &#8230;<\/p>\n","protected":false},"author":142,"featured_media":0,"parent":0,"menu_order":0,"comment_status":"closed","ping_status":"open","template":"","meta":{"_monsterinsights_skip_tracking":false,"_monsterinsights_sitenote_active":false,"_monsterinsights_sitenote_note":"","_monsterinsights_sitenote_category":0,"_links_to":"","_links_to_target":""},"_links":{"self":[{"href":"https:\/\/hallbartbyggande.com\/llentab\/wp-json\/wp\/v2\/pages\/2"}],"collection":[{"href":"https:\/\/hallbartbyggande.com\/llentab\/wp-json\/wp\/v2\/pages"}],"about":[{"href":"https:\/\/hallbartbyggande.com\/llentab\/wp-json\/wp\/v2\/types\/page"}],"author":[{"embeddable":true,"href":"https:\/\/hallbartbyggande.com\/llentab\/wp-json\/wp\/v2\/users\/142"}],"replies":[{"embeddable":true,"href":"https:\/\/hallbartbyggande.com\/llentab\/wp-json\/wp\/v2\/comments?post=2"}],"version-history":[{"count":3,"href":"https:\/\/hallbartbyggande.com\/llentab\/wp-json\/wp\/v2\/pages\/2\/revisions"}],"predecessor-version":[{"id":8,"href":"https:\/\/hallbartbyggande.com\/llentab\/wp-json\/wp\/v2\/pages\/2\/revisions\/8"}],"wp:attachment":[{"href":"https:\/\/hallbartbyggande.com\/llentab\/wp-json\/wp\/v2\/media?parent=2"}],"curies":[{"name":"wp","href":"https:\/\/api.w.org\/{rel}","templated":true}]}}