										  
											  
											 {"id":2,"date":"2015-02-17T14:37:09","date_gmt":"2015-02-17T14:37:09","guid":{"rendered":"http:\/\/hallbartbyggande.com\/ivt\/?page_id=2"},"modified":"2015-04-14T14:36:53","modified_gmt":"2015-04-14T14:36:53","slug":"om-ivt-varmepumpar","status":"publish","type":"page","link":"https:\/\/hallbartbyggande.com\/ivt\/om-ivt-varmepumpar\/","title":{"rendered":"Om IVT V\u00e4rmepumpar"},"content":{"rendered":"<h4>IVT har utvecklat och tillverkat v\u00e4rmepumpar i sm\u00e5l\u00e4ndska Tran\u00e5s i \u00f6ver 40 \u00e5r.<\/h4>\n<p>Totalt finns cirka 330 anst\u00e4llda i verksamheten som \u00e5r 2013 hade en \u00e5rsoms\u00e4ttning p\u00e5 836 miljoner kronor.<\/p>\n<p>IVT:s v\u00e4rmepumpar marknadsf\u00f6rs och s\u00e4ljs i Sverige genom ett rikst\u00e4ckande n\u00e4t av specialutbildade \u00e5terf\u00f6rs\u00e4ljare och IVT Center. F\u00f6retaget \u00e4gs sedan 2005 av Bosch Thermoteknik.<\/p>\n","protected":false},"excerpt":{"rendered":"<p>IVT har utvecklat och tillverkat v\u00e4rmepumpar i sm\u00e5l\u00e4ndska Tran\u00e5s i \u00f6ver 40 \u00e5r. Totalt finns cirka 330 anst\u00e4llda i verksamheten som \u00e5r 2013 hade en \u00e5rsoms\u00e4ttning p\u00e5 836 miljoner kronor. IVT:s v\u00e4rmepumpar marknadsf\u00f6rs och s\u00e4ljs i Sverige genom ett rikst\u00e4ckande n\u00e4t av specialutbildade \u00e5terf\u00f6rs\u00e4ljare och IVT Center. F\u00f6retaget \u00e4gs sedan 2005 av Bosch Thermoteknik.<\/p>\n","protected":false},"author":72,"featured_media":0,"parent":0,"menu_order":0,"comment_status":"open","ping_status":"open","template":"","meta":{"_monsterinsights_skip_tracking":false,"_monsterinsights_sitenote_active":false,"_monsterinsights_sitenote_note":"","_monsterinsights_sitenote_category":0,"_links_to":"","_links_to_target":""},"_links":{"self":[{"href":"https:\/\/hallbartbyggande.com\/ivt\/wp-json\/wp\/v2\/pages\/2"}],"collection":[{"href":"https:\/\/hallbartbyggande.com\/ivt\/wp-json\/wp\/v2\/pages"}],"about":[{"href":"https:\/\/hallbartbyggande.com\/ivt\/wp-json\/wp\/v2\/types\/page"}],"author":[{"embeddable":true,"href":"https:\/\/hallbartbyggande.com\/ivt\/wp-json\/wp\/v2\/users\/72"}],"replies":[{"embeddable":true,"href":"https:\/\/hallbartbyggande.com\/ivt\/wp-json\/wp\/v2\/comments?post=2"}],"version-history":[{"count":6,"href":"https:\/\/hallbartbyggande.com\/ivt\/wp-json\/wp\/v2\/pages\/2\/revisions"}],"predecessor-version":[{"id":15,"href":"https:\/\/hallbartbyggande.com\/ivt\/wp-json\/wp\/v2\/pages\/2\/revisions\/15"}],"wp:attachment":[{"href":"https:\/\/hallbartbyggande.com\/ivt\/wp-json\/wp\/v2\/media?parent=2"}],"curies":[{"name":"wp","href":"https:\/\/api.w.org\/{rel}","templated":true}]}}