										  
											  
											 {"id":19,"date":"2017-01-18T13:57:55","date_gmt":"2017-01-18T12:57:55","guid":{"rendered":"http:\/\/hallbartbyggande.com\/eldochvatten\/?page_id=19"},"modified":"2017-01-18T13:59:47","modified_gmt":"2017-01-18T12:59:47","slug":"kontakt","status":"publish","type":"page","link":"https:\/\/hallbartbyggande.com\/eldochvatten\/kontakt\/","title":{"rendered":"Kontakt"},"content":{"rendered":"<h2>Eld &amp; Vatten<\/h2>\n<p>Hyvelv\u00e4gen 3<br \/>\n44432 Stenungsund<br \/>\n<strong>Tel:<\/strong> 0303-65420<br \/>\n<a href=\"http:\/\/www.eldochvatten.se\" target=\"_blank\">www.eldochvatten.se<\/a><br \/>\n<strong>Kontaktperson<\/strong><br \/>\n<strong>Bj\u00f6rn Wahlstr\u00f6m<\/strong><br \/>\nE-post: bjorn@eldochvatten.se<br \/>\nTel: 0708-224041<\/p>\n","protected":false},"excerpt":{"rendered":"<p>Eld &amp; Vatten Hyvelv\u00e4gen 3 44432 Stenungsund Tel: 0303-65420 www.eldochvatten.se Kontaktperson Bj\u00f6rn Wahlstr\u00f6m E-post: bjorn@eldochvatten.se Tel: 0708-224041<\/p>\n","protected":false},"author":2,"featured_media":0,"parent":0,"menu_order":0,"comment_status":"closed","ping_status":"closed","template":"","meta":{"_monsterinsights_skip_tracking":false,"_monsterinsights_sitenote_active":false,"_monsterinsights_sitenote_note":"","_monsterinsights_sitenote_category":0,"_links_to":"","_links_to_target":""},"_links":{"self":[{"href":"https:\/\/hallbartbyggande.com\/eldochvatten\/wp-json\/wp\/v2\/pages\/19"}],"collection":[{"href":"https:\/\/hallbartbyggande.com\/eldochvatten\/wp-json\/wp\/v2\/pages"}],"about":[{"href":"https:\/\/hallbartbyggande.com\/eldochvatten\/wp-json\/wp\/v2\/types\/page"}],"author":[{"embeddable":true,"href":"https:\/\/hallbartbyggande.com\/eldochvatten\/wp-json\/wp\/v2\/users\/2"}],"replies":[{"embeddable":true,"href":"https:\/\/hallbartbyggande.com\/eldochvatten\/wp-json\/wp\/v2\/comments?post=19"}],"version-history":[{"count":2,"href":"https:\/\/hallbartbyggande.com\/eldochvatten\/wp-json\/wp\/v2\/pages\/19\/revisions"}],"predecessor-version":[{"id":21,"href":"https:\/\/hallbartbyggande.com\/eldochvatten\/wp-json\/wp\/v2\/pages\/19\/revisions\/21"}],"wp:attachment":[{"href":"https:\/\/hallbartbyggande.com\/eldochvatten\/wp-json\/wp\/v2\/media?parent=19"}],"curies":[{"name":"wp","href":"https:\/\/api.w.org\/{rel}","templated":true}]}}