										  
											  
											 {"id":2,"date":"2015-02-19T07:08:47","date_gmt":"2015-02-19T06:08:47","guid":{"rendered":"http:\/\/hallbartbyggande.com\/ekobyggmassan\/?page_id=2"},"modified":"2015-06-23T15:06:07","modified_gmt":"2015-06-23T13:06:07","slug":"om-ekobyggmassan","status":"publish","type":"page","link":"https:\/\/hallbartbyggande.com\/ekobyggmassan\/om-ekobyggmassan\/","title":{"rendered":"Om Ekobyggm\u00e4ssan"},"content":{"rendered":"<p><strong> M\u00f6tesplatsen SGBC15 med Ekobygg<\/strong> samlar p\u00e5verkare, beslutsfattare och andra verksamma inom gr\u00f6nt byggande och h\u00e5llbar statsutveckling. Arkitekter, kommuner, landsting, myndigheter och konsulter\/projekt\u00f6rer \u00e4r en stor del av bes\u00f6karm\u00e5lgruppen.<\/p>\n","protected":false},"excerpt":{"rendered":"<p>M\u00f6tesplatsen SGBC15 med Ekobygg samlar p\u00e5verkare, beslutsfattare och andra verksamma inom gr\u00f6nt byggande och h\u00e5llbar statsutveckling. Arkitekter, kommuner, landsting, myndigheter och konsulter\/projekt\u00f6rer \u00e4r en stor del av bes\u00f6karm\u00e5lgruppen.<\/p>\n","protected":false},"author":74,"featured_media":0,"parent":0,"menu_order":0,"comment_status":"open","ping_status":"closed","template":"","meta":{"_monsterinsights_skip_tracking":false,"_monsterinsights_sitenote_active":false,"_monsterinsights_sitenote_note":"","_monsterinsights_sitenote_category":0,"_links_to":"","_links_to_target":""},"_links":{"self":[{"href":"https:\/\/hallbartbyggande.com\/ekobyggmassan\/wp-json\/wp\/v2\/pages\/2"}],"collection":[{"href":"https:\/\/hallbartbyggande.com\/ekobyggmassan\/wp-json\/wp\/v2\/pages"}],"about":[{"href":"https:\/\/hallbartbyggande.com\/ekobyggmassan\/wp-json\/wp\/v2\/types\/page"}],"author":[{"embeddable":true,"href":"https:\/\/hallbartbyggande.com\/ekobyggmassan\/wp-json\/wp\/v2\/users\/74"}],"replies":[{"embeddable":true,"href":"https:\/\/hallbartbyggande.com\/ekobyggmassan\/wp-json\/wp\/v2\/comments?post=2"}],"version-history":[{"count":2,"href":"https:\/\/hallbartbyggande.com\/ekobyggmassan\/wp-json\/wp\/v2\/pages\/2\/revisions"}],"predecessor-version":[{"id":14,"href":"https:\/\/hallbartbyggande.com\/ekobyggmassan\/wp-json\/wp\/v2\/pages\/2\/revisions\/14"}],"wp:attachment":[{"href":"https:\/\/hallbartbyggande.com\/ekobyggmassan\/wp-json\/wp\/v2\/media?parent=2"}],"curies":[{"name":"wp","href":"https:\/\/api.w.org\/{rel}","templated":true}]}}