										  
											  
											 {"id":7,"date":"2014-05-22T15:36:09","date_gmt":"2014-05-22T13:36:09","guid":{"rendered":"http:\/\/hallbartbyggande.com\/ecoclime\/?page_id=7"},"modified":"2014-05-22T15:59:48","modified_gmt":"2014-05-22T13:59:48","slug":"kontakt","status":"publish","type":"page","link":"https:\/\/hallbartbyggande.com\/ecoclime\/kontakt\/","title":{"rendered":"Kontakt"},"content":{"rendered":"<h2><a href=\"http:\/\/hallbartbyggande.com\/ecoclime\/wp-content\/blogs.dir\/sites\/23\/2014\/05\/lennart-olofsson.jpg\"><img decoding=\"async\" loading=\"lazy\" class=\"alignnone size-thumbnail wp-image-18\" alt=\"lennart-olofsson\" src=\"http:\/\/hallbartbyggande.com\/ecoclime\/wp-content\/blogs.dir\/sites\/23\/2014\/05\/lennart-olofsson-150x150.jpg\" width=\"150\" height=\"150\" srcset=\"https:\/\/hallbartbyggande.com\/ecoclime\/wp-content\/blogs.dir\/sites\/23\/2014\/05\/lennart-olofsson-150x150.jpg 150w, https:\/\/hallbartbyggande.com\/ecoclime\/wp-content\/blogs.dir\/sites\/23\/2014\/05\/lennart-olofsson-320x320.jpg 320w, https:\/\/hallbartbyggande.com\/ecoclime\/wp-content\/blogs.dir\/sites\/23\/2014\/05\/lennart-olofsson-80x80.jpg 80w, https:\/\/hallbartbyggande.com\/ecoclime\/wp-content\/blogs.dir\/sites\/23\/2014\/05\/lennart-olofsson-380x380.jpg 380w, https:\/\/hallbartbyggande.com\/ecoclime\/wp-content\/blogs.dir\/sites\/23\/2014\/05\/lennart-olofsson-67x67.jpg 67w, https:\/\/hallbartbyggande.com\/ecoclime\/wp-content\/blogs.dir\/sites\/23\/2014\/05\/lennart-olofsson-200x200.jpg 200w\" sizes=\"(max-width: 150px) 100vw, 150px\" \/><\/a><\/h2>\n<h2>Ecoclime<\/h2>\n<p>Nytorgsgatan 14<br \/>\n903 30 Ume\u00e5<\/p>\n<p><strong>Lennart Olofsson, VD<\/strong><br \/>\n<strong>Mob:<\/strong> 070-537 16 42,<br \/>\n<strong>E-mail:<\/strong> lennart.olofsson@ecoclime.se<br \/>\n<a href=\"http:\/\/www.ecoclime.se\" target=\"_blank\">www.ecoclime.se<\/a><br \/>\n<strong>Se v\u00e5r sida p\u00e5 Mynewsdesk:<\/strong> <a title=\"www.mynewsdesk.com\/se\/ecoclime\" href=\"http:\/\/www.mynewsdesk.com\/se\/ecoclime\" target=\"_blank\">http:\/\/www.mynewsdesk.com\/se\/ecoclime<\/a><\/p>\n","protected":false},"excerpt":{"rendered":"<p>Ecoclime Nytorgsgatan 14 903 30 Ume\u00e5 Lennart Olofsson, VD Mob: 070-537 16 42, E-mail: lennart.olofsson@ecoclime.se www.ecoclime.se Se v\u00e5r sida p\u00e5 Mynewsdesk: http:\/\/www.mynewsdesk.com\/se\/ecoclime<\/p>\n","protected":false},"author":1,"featured_media":0,"parent":0,"menu_order":0,"comment_status":"open","ping_status":"open","template":"","meta":{"_monsterinsights_skip_tracking":false,"_monsterinsights_sitenote_active":false,"_monsterinsights_sitenote_note":"","_monsterinsights_sitenote_category":0,"_links_to":"","_links_to_target":""},"_links":{"self":[{"href":"https:\/\/hallbartbyggande.com\/ecoclime\/wp-json\/wp\/v2\/pages\/7"}],"collection":[{"href":"https:\/\/hallbartbyggande.com\/ecoclime\/wp-json\/wp\/v2\/pages"}],"about":[{"href":"https:\/\/hallbartbyggande.com\/ecoclime\/wp-json\/wp\/v2\/types\/page"}],"author":[{"embeddable":true,"href":"https:\/\/hallbartbyggande.com\/ecoclime\/wp-json\/wp\/v2\/users\/1"}],"replies":[{"embeddable":true,"href":"https:\/\/hallbartbyggande.com\/ecoclime\/wp-json\/wp\/v2\/comments?post=7"}],"version-history":[{"count":4,"href":"https:\/\/hallbartbyggande.com\/ecoclime\/wp-json\/wp\/v2\/pages\/7\/revisions"}],"predecessor-version":[{"id":19,"href":"https:\/\/hallbartbyggande.com\/ecoclime\/wp-json\/wp\/v2\/pages\/7\/revisions\/19"}],"wp:attachment":[{"href":"https:\/\/hallbartbyggande.com\/ecoclime\/wp-json\/wp\/v2\/media?parent=7"}],"curies":[{"name":"wp","href":"https:\/\/api.w.org\/{rel}","templated":true}]}}